c(7).
-6
Let y(l) = l + 27. What is y(-26)?
1
Let b(h) = -10*h + 72. Give b(8).
-8
Let r(y) = 64*y**3 + 2*y**2 + y - 2. Give r(1).
65
Let s(f) = -2*f + 3. Give s(3).
-3
Let v(q) = -2*q - 11. Calculate v(6).
-23
Let n(c) = c**3 - 4*c**2 - 5*c + 6. Give n(4).
-14
Let i(q) = q**3 + 11*q**2 - 16*q + 2. Give i(-12).
50
Let z(s) = -2*s**2 - 9*s - 4. Calculate z(-6).
-22
Let i(v) = v**3 - 3*v**2 - 18*v + 11. What is i(6)?
11
Let w(h) = h**3 + 12*h**2 - 3. Determine w(-12).
-3
Let t(n) = -3*n + 21. Give t(4).
9
Let g(i) = -4*i**2 + 6*i + 14. Give g(-2).
-14
Let t(p) = -11*p - 36. Determine t(-6).
30
Let g(n) = n**3 + n**2 - 3*n - 1. What is g(-3)?
-10
Let m(q) = -3*q + 9. Give m(-4).
21
Let k(h) = -70*h + 16. What is k(1)?
-54
Let i(b) = 3*b + 1. Calculate i(-4).
-11
Let k(p) = 21*p - 1. Give k(-1).
-22
Let p(x) = -27*x + 123. What is p(5)?
-12
Let f(k) = k**3 + 13*k**2 + 2*k. Give f(-12).
120
Let k(a) = a**3 + 5*a**2 - 5*a + 4. Give k(-5).
29
Let v(o) = 3*o**3 - 4*o**2 - 7*o + 11. What is v(3)?
35
Let c(u) = -6*u**2 + 2*u - 4. Determine c(-2).
-32
Let t(v) = v**2 + 2*v + 9. What is t(0)?
9
Let z(p) = p**2 - 6*p - 7. Give z(7).
0
Let f(t) = 33*t + 7. Calculate f(1).
40
Let i(d) = 7*d**2 - 11*d - 4. What is i(-4)?
152
Let k(u) = u**3 - 2*u**2 - u + 3. Calculate k(0).
3
Let n(v) = -2*v**3 + 28*v**2 - 27*v + 21. Give n(13).
8
Let p(n) = -7*n + 21. Calculate p(8).
-35
Let f(x) = -34*x - 243. What is f(-8)?
29
Let r(s) = -2*s**2 + 16*s - 44. Determine r(5).
-14
Let c(s) = -s**3 + 8*s**2 + 2*s - 6. What is c(8)?
10
Let m(i) = i**3 + 5*i**2. Determine m(-5).
0
Let p(y) = -y**3 - 2*y**2 + 31*y + 8. Give p(-6).
-34
Let s(v) = -v - 2. Determine s(-9).
7
Let d(m) = 27*m - 61. Determine d(2).
-7
Let y(d) = 6*d - 77. What is y(13)?
1
Let a(v) = 5*v + 25. Calculate a(-6).
-5
Let l(b) = -19*b - 122. Determine l(-6).
-8
Let o(u) = 14*u**2 - 3*u + 5. Give o(3).
122
Let c(t) = -2*t - 25. Give c(-10).
-5
Let z(c) = -25*c. Determine z(2).
-50
Let t(n) = 9*n - 122. What is t(11)?
-23
Let z(c) = c**3 + 8*c**2 + 8*c + 4. What is z(-7)?
-3
Let a(q) = q**3 + 8*q**2 - 3*q - 15. Determine a(-6).
75
Let t(v) = -v**3 + v**2 - v - 7. Determine t(0).
-7
Let a(k) = -k**3 + 19*k**2 - 36*k + 26. Calculate a(17).
-8
Let y(u) = -u**2 - 18*u - 20. What is y(-20)?
-60
Let a(u) = 6*u**2 + 5*u + 4. Give a(-4).
80
Let c(w) = -2*w**2 - 4*w + 3. Give c(0).
3
Let j(k) = -17*k - 32. Determine j(-6).
70
Let r(z) = -15*z + 10. Calculate r(-4).
70
Let t(q) = 7*q**2 + q. What is t(1)?
8
Let v(o) = o**3 - 5*o**2 - 2*o + 29. What is v(4)?
5
Let c(d) = 5*d + 18. What is c(-2)?
8
Let v(y) = y**3 + 27*y**2 + 50*y + 7. Determine v(-25).
7
Let t(p) = -p**3 + p**2 + p + 17. What is t(0)?
17
Let x(h) = -5*h + 222. Determine x(46).
-8
Let u(c) = -52*c - 163. Give u(-3).
-7
Let o(y) = 3*y**3 - 10*y**2 + 4*y - 1. Give o(4).
47
Let j(f) = f + 20. What is j(8)?
28
Let l(v) = -v**3 - 8*v**2 - 13*v - 8. Give l(-6).
-2
Let k(m) = -m - 7. Calculate k(-28).
21
Let m(n) = n**3 + 6*n**2 + 35*n + 151. Determine m(-5).
1
Let n(g) = -2*g**2 + 8*g - 12. Give n(5).
-22
Let k(p) = 8*p - 4. What is k(4)?
28
Let r(y) = 2*y - 18. Determine r(5).
-8
Let n(p) = -p**2 - 3*p + 41. What is n(-8)?
1
Let p(l) = 2*l - 4. Calculate p(-12).
-28
Let j(g) = -g**3 + 9*g**2 + 67*g - 597. Calculate j(9).
6
Let k(g) = -3*g - 63. Give k(-21).
0
Let b(f) = f**2 - 37*f + 106. Give b(3).
4
Let u(a) = 3*a**2 - 8*a + 3. What is u(2)?
-1
Let u(a) = a**2 - 15*a + 25. Calculate u(13).
-1
Let b(y) = -126*y - 1003. Give b(-8).
5
Let w(b) = -b**3 - b**2 - 11. Determine w(-3).
7
Let m(f) = -f**3 - 12*f**2 - 9*f + 11. Calculate m(-11).
-11
Let m(s) = 4*s + 24. What is m(-5)?
4
Let l(h) = h**2 - 76*h - 7. Give l(0).
-7
Let z(j) = -j**2 + 7*j - 13. Calculate z(6).
-7
Let s(v) = v**3 + 15*v**2 + 14*v - 7. Calculate s(-14).
-7
Let k(w) = -14*w**3 - w**2 + 2*w - 1. Give k(1).
-14
Let v(a) = -18*a + 361. Calculate v(20).
1
Let q(m) = -2*m**2 - 2*m + 1. Determine q(-2).
-3
Let q(u) = -u**3 - 5*u**2 - 2*u - 3. Give q(-5).
7
Let k(m) = m**3 - 12. Determine k(0).
-12
Let m(c) = c**3 + 12*c**2 - 8*c + 13. What is m(-13)?
-52
Let s(v) = -2*v**2 - 8*v + 6. What is s(-6)?
-18
Let b(n) = -15*n - 129. What is b(-7)?
-24
Let q(a) = a**3 - 4*a**2 + 4*a + 1. Determine q(5).
46
Let g(a) = a**3 - 10*a**2 - 11*a - 7. What is g(11)?
-7
Let r(q) = -53*q**2. Calculate r(-1).
-53
Let n(o) = -o**3 - 3*o**2 - 12*o - 40. Determine n(-3).
-4
Let s(h) = -3*h**2 + h - 14. Calculate s(0).
-14
Let z(i) = i**3 + 10*i**2 - 2*i - 15. Determine z(-10).
5
Let z(i) = i**3 - 20*i**2 - 52*i - 382. Calculate z(23).
9
Let l(w) = 2*w - 22. Determine l(5).
-12
Let v(m) = -6*m + 69. Determine v(12).
-3
Let m(h) = -h**2 + 27*h + 129. Give m(31).
5
Let v(j) = -j**2 - j + 32. Calculate v(6).
-10
Let o(j) = -8*j + 48. Give o(19).
-104
Let c(h) = 10*h**2 + 3*h - 1. Calculate c(-2).
33
Let s(u) = -2*u**3 + 3*u**2 + 3*u - 3. What is s(4)?
-71
Let i(r) = -r**2 + r + 10. Determine i(7).
-32
Let t(z) = -z**3 + 24*z**2 + 22*z + 68. What is t(25)?
-7
Let o(w) = 4*w - 11. Determine o(16).
53
Let d(p) = p**2 - 4*p + 1. Calculate d(5).
6
Let w(s) = -s**3 + 7*s**2 - 3*s - 1. What is w(6)?
17
Let h(m) = m**2 + 6*m + 3. Calculate h(-5).
-2
Let o(k) = -21*k**3 + 2*k**2 - 1. Determine o(1).
-20
Let r(m) = 16*m + 69. Calculate r(-4).
5
Let u(i) = i**2 + 9*i + 1. Calculate u(-9).
1
Let y(k) = -3*k - 8. Determine y(5).
-23
Let i(j) = j + 6. Give i(0).
6
Let r(i) = -i**3 - 2*i**2. Give r(3).
-45
Let q(u) = -6*u**2 - 24*u - 7. What is q(-4)?
-7
Let w(j) = 5*j - 2. Give w(7).
33
Let u(h) = -h**3 + 15*h**2 + 18*h - 40. Give u(16).
-8
Let w(c) = 4*c - 42. Give w(12).
6
Let y(h) = -h**2 + 31*h + 63. Determine y(-2).
-3
Let d(h) = -4*h**2 - 104*h - 7. Calculate d(-26).
-7
Let f(y) = y**3 - 13*y**2 - 7*y + 97. Give f(13).
6
Let z(o) = -o**2 + 2*o - 2. Give z(3).
-5
Let r(k) = -k**2 - 9*k + 17. Give r(-8).
25
Let w(g) = -7*g + 3. What is w(1)?
-4
Let n(o) = -o**3 + 6*o**2 + 3*o - 10. What is n(6)?
8
Let u(d) = 33*d - 6. Calculate u(4).
126
Let y(p) = -12*p**3 - 2*p**2 - 3*p - 2. What is y(-1)?
11
Let b(v) = v**3 - 4*v**2 - 6*v + 8. Give b(3).
-19
Let r(g) = 56*g + 107. Give r(-2).
-5
Let c(t) = t**3 - t**2 + 6*t - 6. Determine c(1).
0
Let p(x) = -x**3 + 6*x**2 + 6*x - 1. Calculate p(7).
-8
Let l(u) = -u**2 - 10*u - 23. Determine l(-2).
-7
Let w(o) = 29*o + 425. What is w(-14)?
19
Let q(d) = -d**3 - 7*d**2 - 11*d + 2. Determine q(-4).
-2
Let y(h) = 12*h**2 - h. Calculate y(-1).
13
Let f(h) = h**2 - 10*h + 3. What is f(9)?
-6
Let w(r) = -23*r - 982. Determine w(-43).
7
Let l(n) = -n**2 + n - 8. What is l(0)?
-8
Let q(m) = -32*m + 7. Calculate q(-2).
71
Let s(h) = h**2 + 18*h + 80. Give s(-10).
0
Let m(z) = -2*z**2 - 4*z + 10. Determine m(-5).
-20
Let w(b) = -b**3 - 11*b**2 + 3*b + 15. Calculate w(-11).
-18
Let u(k) = 25*k**3 + k**2 - k + 1. Give u(1).
26
Let n(d) = -2*d**2 - 3*d + 5. Determine n(0).
5
Let i(w) = -11*w - 41. Calculate i(-4).
3
Let l(v) = 9*v - 172. Determine l(19).
-1
Let s(x) = -2*x + 10. Give s(7).
-4
Let k(s) = -34*s. Determine k(1).
-34
Let f(i) = -i**2 + i + 75. Determine f(-8).
3
Let z(a) = a**2 + 4*a - 10. What is z(-8)?
22
Let v(b) = b**3 + 9*b**2 - 2*b - 4. Give v(-9).
14
Let x(h) = -h**2 + 7*h - 6. Calculate x(7).
-6
Let i(q) = 62*q**3 + q**2 + q. Determine i(-1).
-62
Let g(x) = -10*x - 24. Give g(-4).
16
Let o(b) = 17*b - 82. Give o(5).
3
Let l(t) = 8*t + 1. Calculate l(-3).
-23
Let b(o) = o**2 - 7*o - 12. What is b(10)?
18
Let a(b) = b**3 + 10*b**2 - b + 1. Give a(-10).
11
Let s(v) = 7*v**2 - 8*v - 1. What is s(1)?
-2
Let g(o) = o**2 + 34*o + 283. Determine g(-18).
-5
Let o(k) = 2*k**3 + 72*k**2 - 75*k - 39. What is o(-37)?
-2
Let p(g) = -4*g - 42. Determine p(-12).
6
Let t(k) = k**2 - 5*k - 1. Determine t(7).
13
Let j(s) = s**2 - 12*s + 6. What is j(5)?
-29
Let s(h) = -5*h + 160. Calculate s(34).
-10
Let d(k) = 21*k - 172. Determine d(8).
-4
Let s(a) = 6*a + 62. Determine s(-22).
-70
Let d(k) = -k**3 - 13*k**2 + k + 11. Calculate d(-13).
-2
Let g(j) = -j**3 - 26*j**2 + 2*j + 46. Calculate g(-26).
-6
Let x(n) = -n**2 - 7*n + 20. Determine x(-9).
2
Let s(p) = -5*p - 30. Determine s(-9).
15
Let j(n) = -n**3 + 8*n**2 + 7*n + 3. What is j(9)?
-15
Let j(i) = -i**3 - 22*i**2 - i - 17. Give j(-22).
5
Let t(s) = 